 is divided by 35.
33
Let d(i) = 7*i**2 + 5*i + 1. Let x = -21 + 23. Suppose 4*c = -x*w + 50, c - 4 - 5 = -4*w. What is the remainder when d(-3) is divided by c?
10
Suppose 0 = 2*a + 52 + 24. Let c = a + 60. What is the remainder when 488/c - (-20)/(-110) is divided by 13?
9
Let d = 22 + -13. Let c = 43 + -28. Suppose -m = 5*s - c, -4*m + 4*s + 37 = -23. Calculate the remainder when m is divided by d.
6
Let d be (-12)/((-4)/(-1)) + 15. Let c(b) = 2*b - 11. Calculate the remainder when c(d) is divided by 5.
3
Let g = -9 + 13. Suppose -3*i - 2*i + 2*c + 18 = 0, g*c = -3*i + 16. Let s = i - -4. Calculate the remainder when 22 is divided by s.
6
Let j(n) = -n**3 - 2*n**2 + n + 3*n**2 - 3 + 0*n**2. Calculate the remainder when j(-4) is divided by 826/294*7 - -1*2/(-3).
16
Suppose 0 = 4*w + 403 - 1063. Suppose 11*x = 16*x - w. Calculate the remainder when x is divided by 7.
5
Suppose 0 = -y - n + 8, 0 = 2*y + y + n - 26. Suppose 0 = -k - 1 + y. Calculate the remainder when 63 is divided by k.
7
Suppose 34 = 5*u + 4. Let m(v) = v**3 + 1 + v + v**2 - 3*v - 6*v**2. Calculate the remainder when 72 is divided by m(u).
22
Suppose -2*j = 3*i - 59, -24*i - j = -22*i - 40. Calculate the remainder when 733 is divided by i.
19
Let s(i) be the third derivative of i**6/120 + 7*i**5/60 + i**4/8 + 4*i**3/3 + 4*i**2. What is the remainder when s(-5) is divided by 18 - -3 - -3 - 1?
20
Let t = -129 + 328. Calculate the remainder when t is divided by 29.
25
Let i(a) = -a**2 - 8*a - 1. Let y be i(6). Let d = y - -100. Calculate the remainder when 89 is divided by d.
14
Let b(x) = x**2 - 6*x + 6. Let n(k) = -12*k**2 + 54*k - 5. What is the remainder when n(3) is divided by b(7)?
10
Let t(h) = -h - 3. Let q be t(-2). Let f = 83 - 70. What is the remainder when f is divided by q/(-1 + 12/15)?
3
Let r = -1828 - -1982. What is the remainder when r is divided by 25?
4
Let h(t) = t + 5. Let o be h(-5). Suppose 0 = b - 1, 5*b = -o*y - 2*y + 45. Let d = -109 + 167. What is the remainder when d is divided by y?
18
Suppose 3*w + 5*h + 35 = 5*w, 0 = 2*h + 2. Calculate the remainder when 68 is divided by w - -5 - (2 - 0).
14
Let j = 0 + -3. What is the remainder when (-1615)/(-20) - 10/(-40) is divided by (42/8)/(j/(-12))?
18
Suppose 4*j - 38 = 2*j. Let p = -10941 + 10951. Calculate the remainder when j is divided by p.
9
What is the remainder when 62 is divided by (510/(-9))/10*-3?
11
Suppose 137 + 325 = 21*p. Calculate the remainder when 42 is divided by p.
20
Suppose -94*o + 114*o - 800 = 0. Calculate the remainder when o is divided by 7.
5
Suppose -3*z + 3*k + 576 = -213, -4*k = -z + 269. Calculate the remainder when z is divided by 44.
41
Let k = 749 - 711. What is the remainder when k is divided by 37?
1
What is the remainder when 125 is divided by 2/8 + 5842/184?
29
Suppose 35*i + 1070 = 37*i. Calculate the remainder when i is divided by 18.
13
Suppose 38 = 2*t + 3*i, 9*t - 116 = 4*t + 3*i. Let o = t + -22. What is the remainder when 6 is divided by (o - 0) + 1 - -2?
0
Let r(s) = 7*s - 1. Suppose 3*c = c + 4. Suppose -59 = -3*v - 2*w, 0*v + 4*v - 2*w - 102 = 0. What is the remainder when v is divided by r(c)?
10
Let b = -64 - -76. Suppose -22*w + 150 = -b*w. Calculate the remainder when 29 is divided by w.
14
What is the remainder when 206 is divided by (-1 + -1)/(27/(-351))?
24
Suppose 0 = -7*c - 2116 - 936. Let t = 10 + c. What is the remainder when 79 is divided by 10/(-35) + t/(-21)?
19
Let m = 125 + -5. Suppose m - 25 = q. What is the remainder when q is divided by 32?
31
Suppose 4*k = 3*c + 7*k - 120, -4*k = 12. What is the remainder when 248 is divided by c?
33
Suppose 3*b = 4*n - 23, n = -5*b - 2*n + 10. What is the remainder when 99 is divided by b/7 + (-620)/(-28) + -2?
19
Let t(g) be the first derivative of -g**2/2 + g + 1. Let c be t(1). Calculate the remainder when 57 is divided by (c - -2) + 9*2.
17
What is the remainder when 289 is divided by 1*(-10)/45 + 1329/27?
44
Let r = 19 + -35. Let t be (4/(-6))/(r/72). Calculate the remainder when 72 is divided by 30/t*10/4.
22
Suppose 4*s = s - 27. Let b(d) = -10*d - d**2 + 6 - 2*d - 8. What is the remainder when b(s) is divided by 7?
4
Let u = 12 - -25. Suppose 4*k - 166 = -4*q + 2*k, 5*k = -q + u. Calculate the remainder when q is divided by 22.
20
Let v(i) = i**3 + 9*i**2 + 10*i - 9. Let j be v(-8). Let g = j - -44. Calculate the remainder when 71 is divided by g.
14
Let m = 409 + -321. Calculate the remainder when m is divided by 15.
13
Suppose 2*i + i - 10 = -k, 3*k - 69 = 4*i. Calculate the remainder when k is divided by (-109 - -109) + 1*(0 - -10).
9
Let k(g) = -2*g - 5. Suppose -3*p + 6 = -0. Suppose 2*v = -p*v + 12. Calculate the remainder when k(-9) is divided by v.
1
Suppose 16 = -7*i + 11*i. Let n(s) = 27 - s + 0*s + i*s. Calculate the remainder when n(0) is divided by 10.
7
Let p(f) = -f + 18. Suppose 3*j + 43 = 13. What is the remainder when ((-348)/j)/(60/150) is divided by p(0)?
15
What is the remainder when 3/7 + 5 + 2116/28 is divided by 28?
25
Let i = -546 + 678. What is the remainder when i is divided by 25?
7
Let j be -1 + 2/((-8)/(-196)). Suppose -6*t + 2*t + j = 0. Let c = t - 10. What is the remainder when 6 is divided by c?
0
What is the remainder when 2/(8/3028) - 2 is divided by 36?
35
Let l = 1255 + -1222. Calculate the remainder when l is divided by 3.
0
Suppose -5*o = 2*w - 276, 8*o - 4*o + 3*w - 225 = 0. Calculate the remainder when o is divided by 22.
10
Calculate the remainder when 21 - (1 - (-1 + 2)) is divided by (14/6)/(145/435).
0
Suppose -5*u = 11 - 26. Suppose u*w + 7 = 94. What is the remainder when w is divided by 4*(3 - (-2 - -1))?
13
Let z be (-24)/(-6) - 7/(-1). Suppose -3*i + 3*w + 67 = -z, -2*w - 8 = 0. Let a = 41 - i. Calculate the remainder when 56 is divided by a.
18
Let v(z) = 8*z**2 - 105 - 5*z**2 + 106 + 3*z - z**3. Calculate the remainder when 24 is divided by v(-2).
9
Let g be (1 + 0)/(3/93). Let p = -144 + 149. Suppose 0 = i - 3*v - 14, 4*v - 2*v = p*i - g. Calculate the remainder when 18 is divided by i.
3
Let g(f) = -f**2 - 4*f - 4. Let v be g(-3). Calculate the remainder when 15 + (-9 - (1 + -2)) is divided by (v - -1)/(-2) - -5.
2
Let w(s) = -s + 31. What is the remainder when (105/45)/((-1)/78*-2) is divided by w(0)?
29
Let i be 118/12 - 13/(-78). Let j(l) = -l**2 + 13*l + 5. Calculate the remainder when j(i) is divided by 18.
17
Let u be (-3304)/(-10) + 16/(-40). Suppose 0 = j + 4*j - u. What is the remainder when j is divided by 17?
15
Suppose -130*p + 7688 = -6*p. Calculate the remainder when p is divided by 50.
12
Suppose -5*p + 224 = 49. Let d = 1037 - 1018. Calculate the remainder when p is divided by d.
16
Let v(t) = -t + 6. Let z be v(-10). Suppose 0 = -5*s - 2*c - 1, s = -0*c + 5*c + z. Calculate the remainder when 9 + -3 - (4 - 0) is divided by s.
0
Let v = -873 - -895. Calculate the remainder when 141 is divided by v.
9
Let y(v) = -2*v + 12. Let q be y(-4). Suppose 0 = s - 3*t - q, 2*s = 2*t + 26 + 2. Calculate the remainder when 18 is divided by s.
7
Suppose h + 2*n - 13 + 2 = 0, 4*h + n - 9 = 0. Let b be ((-64)/10)/(5/25). Let a = b - -35. What is the remainder when a is divided by h?
0
Let c = -126 + 179. Let u = c + -23. Let o = u - 16. Calculate the remainder when 55 is divided by o.
13
Let a be 1/5 - (-63)/(-15). Calculate the remainder when 388/8 + (-6)/a is divided by 26.
24
Let c = 821 - 781. What is the remainder when 275 is divided by c?
35
Let n be 3/(3/5) - 2. Suppose 2*c - 4*z = -4, -4*c - z + 4 = n*z. Let o = c - -10. Calculate the remainder when o is divided by 3.
1
Let d(x) = -15*x - 233. Calculate the remainder when 217 is divided by d(-20).
16
Let j(d) = -d**3 + 6*d**2 + 12*d + 17. Let o = -17 - -45. Calculate the remainder when j(7) is divided by o.
24
Let r(i) = -i. Let f(d) = -d**3 - 5*d**2 - 5*d - 2. Let s be f(-4). Let m(p) = -3*p**2 + p + 2. Let k be m(s). What is the remainder when 13 is divided by r(k)?
5
Let u(j) = -j + 10. Let z be u(10). Suppose 4*l - 16 - 16 = z. Let w = 20 - l. Calculate the remainder when 47 is divided by w.
11
Suppose 3*s - 7 = 2*h + 6, s + 3 = -3*h. Let b = 5 + h. Calculate the remainder when b is divided by (-12)/(-24)*((8 - 3) + -3).
0
Suppose -6*s = 53 + 91. Let r = s - -27. Suppose -8*b +